{"id":6348,"date":"2025-01-20T09:07:08","date_gmt":"2025-01-20T09:07:08","guid":{"rendered":"https:\/\/nou.buckner.ro\/?page_id=6348"},"modified":"2025-01-21T12:22:39","modified_gmt":"2025-01-21T12:22:39","slug":"centreledezi","status":"publish","type":"page","link":"http:\/\/nou.buckner.ro\/index.php\/centreledezi\/","title":{"rendered":"Centrele de Zi"},"content":{"rendered":"\t\t<div data-elementor-type=\"wp-page\" data-elementor-id=\"6348\" class=\"elementor elementor-6348\">\n\t\t\t\t<div class=\"elementor-element elementor-element-aee8899 e-flex e-con-boxed e-con e-parent\" data-id=\"aee8899\" data-element_type=\"container\">\n\t\t\t\t\t<div class=\"e-con-inner\">\n\t\t\t\t<div class=\"elementor-element elementor-element-1ace188 elementor-widget elementor-widget-heading\" data-id=\"1ace188\" data-element_type=\"widget\" data-widget_type=\"heading.default\">\n\t\t\t\t<div class=\"elementor-widget-container\">\n\t\t\t<h2 class=\"elementor-heading-title elementor-size-default\">Despre proiect<\/h2>\t\t<\/div>\n\t\t\t\t<\/div>\n\t\t\t\t<div class=\"elementor-element elementor-element-ea71a2c elementor-widget elementor-widget-text-editor\" data-id=\"ea71a2c\" data-element_type=\"widget\" data-widget_type=\"text-editor.default\">\n\t\t\t\t<div class=\"elementor-widget-container\">\n\t\t\t\t\t\t\t<p><span style=\"font-weight: 400;\">\u00cen anul 2007 Funda\u0163ia a deschis \u00een zona cea mai s\u0103rac\u0103 a Municipiului T\u00e2rn\u0103veni, zona Combinat, un Centru de Dezvoltare a Comunit\u0103\u0163ii \u2013 cum l-am numit atunci &#8211; care \u00ee\u015fi propunea s\u0103 ofere servicii sociale pentru copii pre\u015fcolari provenind din familiile cele mai nevoia\u015fe din zon\u0103 servicii sociale de tip Centru de Zi, precum \u015fi consilierea p\u0103rin\u0163ilor \u00een vederea reducerii riscurilor de abandon \u015fcolar \u015fi familial. Dup\u0103 recondi\u0163ionarea nivelului 2 al imobilului de la adresa Str. Avram Iancu nr. 160, T\u00e2rn\u0103veni, fosta sec\u0163ie Interne II a Spitalului Dr. Gheorghe Marinescu, imobil pus la dispozi\u0163ia Funda\u0163iei ca urmare a semn\u0103rii Conven\u0163iei de Colaborare cu Consiliul Jude\u0163ean Mure\u015f \u015fi Direc\u0163ia General\u0103 de Asisten\u0163\u0103 Social\u0103 \u015fi Protec\u0163ia Copilul Mure\u015f, Centrul \u015fi-a deschis por\u0163ile \u00een Septembrie 2007, deservind \u00een prim\u0103 faz\u0103 25 de copiii provenind din familiile cele mai vulnerabile din zon\u0103 selectate pe baza anchetelor sociale, cu v\u00e2rste cuprinse \u00eentre 4 \u015fi 7 ani, \u00eemp\u0103r\u0163i\u0163i \u00een dou\u0103 grupe de v\u00e2rst\u0103. Proiectul a fost ini\u0163iat ca un program de educa\u0163ie \u015fi preven\u0163ie pentru pre\u015fcolari provenind din familii aflate \u00een dificultate \u015fi situa\u0163ii de risc.\u00a0<\/span><\/p>\t\t\t\t\t\t<\/div>\n\t\t\t\t<\/div>\n\t\t\t\t\t<\/div>\n\t\t\t\t<\/div>\n\t\t<div class=\"elementor-element elementor-element-d657c18 e-flex e-con-boxed e-con e-parent\" data-id=\"d657c18\" data-element_type=\"container\">\n\t\t\t\t\t<div class=\"e-con-inner\">\n\t\t\t\t<div class=\"elementor-element elementor-element-7a2f0a9 elementor-widget elementor-widget-heading\" data-id=\"7a2f0a9\" data-element_type=\"widget\" data-widget_type=\"heading.default\">\n\t\t\t\t<div class=\"elementor-widget-container\">\n\t\t\t<h2 class=\"elementor-heading-title elementor-size-default\">Programe desf\u0103\u0219urate<\/h2>\t\t<\/div>\n\t\t\t\t<\/div>\n\t\t\t\t<div class=\"elementor-element elementor-element-c9eda78 elementor-widget elementor-widget-text-editor\" data-id=\"c9eda78\" data-element_type=\"widget\" data-widget_type=\"text-editor.default\">\n\t\t\t\t<div class=\"elementor-widget-container\">\n\t\t\t\t\t\t\t<p dir=\"ltr\">De-a lungul anilor calitatea \u015fi raza serviciilor oferite a crescut, astfel c\u0103 la aceast\u0103 dat\u0103 Centrul de Zi Buckner ofer\u0103:\u00a0<\/p><ol><li dir=\"ltr\" aria-level=\"1\"><p dir=\"ltr\" role=\"presentation\"><strong>Program educa\u021bional pentru pre\u0219colari<\/strong> lansat \u00een 2007, av\u00e2nd \u00een anul \u0219colar 2023-2024 40 de beneficiari<\/p><\/li><li dir=\"ltr\" aria-level=\"1\"><p dir=\"ltr\" role=\"presentation\"><strong>Program After School pentru clasele I-IV<\/strong> lansat \u00een 2009, av\u00e2nd \u00een anul \u0219colar 2023-2024 90 de beneficiari,\u00a0<\/p><\/li><li dir=\"ltr\" aria-level=\"1\"><p dir=\"ltr\" role=\"presentation\"><strong>Program After School pentru clasele V-VIII numit programul Genera\u021bii<\/strong> lansat \u00een 2015 care include \u0219i Centrul Voca\u021bional Buckner, \u0219i care are 40 de beneficiari \u00een anul \u0219colar 2023-2024<\/p><\/li><li dir=\"ltr\" aria-level=\"1\"><p dir=\"ltr\" role=\"presentation\"><strong>\u0218coala M\u0103micilor<\/strong> \u2013 program de educa\u021bie pentru p\u0103rin\u021bi lansat \u00een 2012 care include \u00een anul \u0219colar 2023-2024 40 de mame.<\/p><\/li><\/ol>\t\t\t\t\t\t<\/div>\n\t\t\t\t<\/div>\n\t\t\t\t<div class=\"elementor-element elementor-element-a738755 elementor-widget elementor-widget-text-editor\" data-id=\"a738755\" data-element_type=\"widget\" data-widget_type=\"text-editor.default\">\n\t\t\t\t<div class=\"elementor-widget-container\">\n\t\t\t\t\t\t\t<p><span style=\"font-weight: 400;\">De la deschidere \u0219i p\u00e2n\u0103 \u00een prezent Centrul de zi Buckner din T\u00e2rn\u0103veni a deservit peste 500 de copii \u0219i peste 450 de familii din comunitate prin asigurarea de programe educa\u021bionale, asisten\u021b\u0103 social\u0103, psihologic\u0103 \u0219i medical\u0103, hran\u0103 zilnic\u0103, program de igien\u0103, program de consiliere \u0219i orientare voca\u021bional\u0103, programe de dezvoltare a deprinderilor personale, excursii, tabere, expozi\u021bii, evenimente, ajutor umanitar, materiale educa\u021bionale, etc. <\/span><\/p>\t\t\t\t\t\t<\/div>\n\t\t\t\t<\/div>\n\t\t\t\t<div class=\"elementor-element elementor-element-e8c8f51 elementor-widget elementor-widget-text-editor\" data-id=\"e8c8f51\" data-element_type=\"widget\" data-widget_type=\"text-editor.default\">\n\t\t\t\t<div class=\"elementor-widget-container\">\n\t\t\t\t\t\t\t<p><span style=\"font-weight: 400;\">\u00a0 \u00a0 \u00a0 <strong>\u00a0 \u00a0 Viziunea Funda\u0163iei<\/strong> este s\u0103 \u00eei men\u0163in\u0103 pe copii \u00eenscri\u015fi \u015fi implica\u0163i \u00een diverse programe ale Centrului de zi<\/span> <span style=\"font-weight: 400;\">Buckner timp de 10-11 ani \u2013 de-a lungul anilor de preg\u0103tire pre\u015fcolar\u0103 (grupa mic\u0103, grupa mijlocie, grupa mare) dar \u015fi de-a lungul anilor de \u015fcoal\u0103 primar\u0103 \u0219i gimanzial\u0103 pentru a le oferi o baz\u0103 \u0219i un start bun \u00een via\u021b\u0103. La aceast\u0103 dat\u0103 avem 58 de copii care au trecut prin toate etapele programului \u0219i s-au \u00eenscris la liceu sau \u0219coal\u0103 profesional\u0103, unii dintre ei absolvind deja \u0219i av\u00e2nd locuri de munc\u0103. Ace\u0219ti 55 de copii nu au abandonat \u0219coala, \u0219i-au construit un viitor mai bun \u0219i au oferit un exemplu comunit\u0103\u021bii. <\/span><\/p>\t\t\t\t\t\t<\/div>\n\t\t\t\t<\/div>\n\t\t\t\t<div class=\"elementor-element elementor-element-0067807 elementor-widget elementor-widget-text-editor\" data-id=\"0067807\" data-element_type=\"widget\" data-widget_type=\"text-editor.default\">\n\t\t\t\t<div class=\"elementor-widget-container\">\n\t\t\t\t\t\t\t<p><span style=\"font-weight: 400;\"><strong>Rezultatele \u0219i impactul<\/strong> pe care le-am v\u0103zut prin derularea activit\u0103\u021bilor \u0219i oferirea serviciilor \u00een cadrul Centrului de zi ne-a convins de importan\u021ba unor astfel de programe \u0219i proiecte \u00een toate localit\u0103\u021bile \u0219i comunit\u0103\u021bile care au grupuri vulnerabile. Consider\u0103m c\u0103 \u00een categoria grupurilor vulnerabile nu se g\u0103sesc momentan doar minorit\u0103\u021bile, ci \u0219i copiii ai c\u0103ror p\u0103rin\u021bi sunt pleca\u021bi \u00een str\u0103in\u0103tate, copii din mediul rural afecta\u021bi de s\u0103r\u0103cie \u0219i izolare, refugia\u021bi, copii care sufer\u0103 de adi\u021bii, victime ale abuzurilor de orice fel, precum \u0219i alte categorii. <\/span><\/p>\t\t\t\t\t\t<\/div>\n\t\t\t\t<\/div>\n\t\t\t\t<div class=\"elementor-element elementor-element-240bfbf elementor-widget elementor-widget-text-editor\" data-id=\"240bfbf\" data-element_type=\"widget\" data-widget_type=\"text-editor.default\">\n\t\t\t\t<div class=\"elementor-widget-container\">\n\t\t\t\t\t\t\t<p><span style=\"font-weight: 400;\"><strong>Dorin\u021ba Funda\u021biei<\/strong> este de a \u00eenfiin\u021ba o re\u021bea de 10 centre de zi pe raza jude\u021bului Mure\u0219 care s\u0103 func\u021bioneze ca un tot unitar \u0219i cu proceduri de lucru unitare. Din aceast\u0103 re\u021bea am reu\u0219it deja \u00eenfiin\u021barea a \u00eenc\u0103 4 centre pe l\u00e2ng\u0103 centrul de zi din T\u00e2rn\u0103veni: \u00een 2021 am \u00eenfiin\u021bat Centrul de zi din S\u00e2npetru de C\u00e2mpie pentru 30 de copii, \u00een 2022 Centrele de zi din Zag\u0103r \u0219i din Ormeni\u0219 pentru 25 \u0219i respectiv pentru 42 de copii, iar \u00een 2023 Centrul de zi de pe str. Remetea din T\u00e2rgu Mure\u0219 pentru 35 de copii. Aceste centre de zi nou \u00eenfiin\u021bate nu au cl\u0103diri proprii ci func\u021bioneaz\u0103 \u00een cadrul \u0219colilor din localit\u0103\u021bi \u00een baza unor contracte de comodat, sunt licen\u021biate \u0219i ofer\u0103 cu prec\u0103dere: o mas\u0103 cald\u0103, program educa\u021bional remedial, asisten\u021b\u0103 social\u0103 \u0219i psihologic\u0103, program educa\u021bional \u0219i de consiliere pentru p\u0103rin\u021bi, programe de recreere \u0219i de dezvoltare a deprinderilor personale. Persoanele care \u00ee\u0219i desf\u0103\u0219oar\u0103 activitatea \u00een cadrul centrelor sunt calificate \u0219i toate centrele respect\u0103 standardele minime de func\u021bionare \u00een acord cu legisla\u021bia \u00een vigoare.<\/span><\/p>\t\t\t\t\t\t<\/div>\n\t\t\t\t<\/div>\n\t\t\t\t<div class=\"elementor-element elementor-element-ec85058 elementor-widget elementor-widget-text-editor\" data-id=\"ec85058\" data-element_type=\"widget\" data-widget_type=\"text-editor.default\">\n\t\t\t\t<div class=\"elementor-widget-container\">\n\t\t\t\t\t\t\t<p><span style=\"font-weight: 400;\">Noi nu credem \u00een scoaterea copiilor din comunit\u0103\u021bile \u00een care tr\u0103iesc, ci mai degrab\u0103 \u00een oferirea unor oportunit\u0103\u021bi acestora de a-\u0219i l\u0103rgi orizonturile \u0219i de a fi expu\u0219i la realitatea existen\u021bei unei lumi pline de posibilit\u0103\u021bi chiar \u0219i pentru ei: excursii, tabere, diverse evenimente.<\/span><\/p><p><span style=\"font-weight: 400;\">Centrele de Zi pe care le coordon\u0103m promoveaz\u0103 educa\u0163ia \u015fi dezvoltarea unor valori \u0219i deprinderi s\u0103n\u0103toase care s\u0103 modeleze g\u00e2ndirea \u015fi caracterul copiilor. Fiecare copil are o \u015fans\u0103 s\u0103 \u00ee\u015fi descopere \u015fi s\u0103 \u00ee\u015fi dezvolte poten\u0163ialul, iar \u00een viitor s\u0103 devin\u0103 un membru s\u0103n\u0103tos al comunit\u0103\u021bii din care provine \u0219i apoi al societ\u0103\u0163ii.<\/span><\/p>\t\t\t\t\t\t<\/div>\n\t\t\t\t<\/div>\n\t\t\t\t<div class=\"elementor-element elementor-element-9850661 elementor-widget elementor-widget-text-editor\" data-id=\"9850661\" data-element_type=\"widget\" data-widget_type=\"text-editor.default\">\n\t\t\t\t<div class=\"elementor-widget-container\">\n\t\t\t\t\t\t\t<p><span style=\"font-weight: 400;\">Deoarece <strong>centrele de zi ofer\u0103 hran\u0103 zilnic\u0103, program de igien\u0103, rechizi\u021be, materiale educa\u021bionale, \u00eenc\u0103l\u021b\u0103minte \u0219i \u00eembr\u0103c\u0103minte, transport, pachete de alimente pentru familii<\/strong>, dezvoltarea de abilit\u0103\u021bi \u00een ateliere voca\u021bionale, \u00eentotdeauna sunt nevoi de acoperit, de la produsele de cur\u0103\u021benie, la facturi de utilit\u0103\u021bi, la cheltuieli de personal, la echipament electronic, costuri de transport, etc.\u00a0 \u0219i p\u00e2n\u0103 la bilete de acces la cinematograf atunci c\u00e2nd vrem s\u0103 le oferim o experien\u021b\u0103 deosebit\u0103 copiilor.\u00a0<\/span><\/p><p><strong>Nevoia \u00een anul acesta este de a oferi unui num\u0103r de minim 50 de copii de la centrele din zone rurale s\u0103 participe la excursii sau tabere sau la alte activit\u0103\u021bi \u00een afara comunit\u0103\u021bilor lor, ceea ce implic\u0103 costuri de 25000 de lei.\u00a0<\/strong><\/p><p><strong>Dona\u021biile se pot face in contul funda\u021biei, specific\u00e2nd denumirea proiectului pentru face\u021bi dona\u021bia<\/strong><\/p><p style=\"font-weight: 400;\"><strong>FUNDA\u021aIA BUCKNER<\/strong><\/p><p style=\"font-weight: 400;\"><strong>CUI: 11664675<\/strong><\/p><p style=\"font-weight: 400;\"><strong>Banca: Banca Comercial\u0103 Rom\u00e2n\u0103<\/strong><\/p><p style=\"font-weight: 400;\"><strong>Cod IBAN:\u00a0RO27 RNCB 0188 0349 5465 0001<\/strong><\/p>\t\t\t\t\t\t<\/div>\n\t\t\t\t<\/div>\n\t\t\t\t<div class=\"elementor-element elementor-element-4c87601 elementor-widget elementor-widget-heading\" data-id=\"4c87601\" data-element_type=\"widget\" data-widget_type=\"heading.default\">\n\t\t\t\t<div class=\"elementor-widget-container\">\n\t\t\t<h2 class=\"elementor-heading-title elementor-size-default\">Contribuie \u0219i tu la realizarea proiectului nostru<\/h2>\t\t<\/div>\n\t\t\t\t<\/div>\n\t\t\t\t\t<\/div>\n\t\t\t\t<\/div>\n\t\t<div class=\"elementor-element elementor-element-02a9b63 e-flex e-con-boxed e-con e-parent\" data-id=\"02a9b63\" data-element_type=\"container\">\n\t\t\t\t\t<div class=\"e-con-inner\">\n\t\t\t\t<div class=\"elementor-element elementor-element-ea8d28b elementor-widget elementor-widget-text-editor\" data-id=\"ea8d28b\" data-element_type=\"widget\" data-widget_type=\"text-editor.default\">\n\t\t\t\t<div class=\"elementor-widget-container\">\n\t\t\t\t\t\t\t<p>\t<div id=\"give-form-6042-wrap\" class=\"give-form-wrap give-display-onpage\">\n\t\t<div class=\"give-goal-progress\">\n            <div class=\"raised\">\n            <span class=\"income\" data-amounts=\"{\n    &quot;RON&quot;: 0\n}\">RON 0<\/span> of <span class=\"goal-text\" data-amounts=\"{\n    &quot;RON&quot;: 25000\n}\">RON 25.000<\/span> raised        <\/div>\n    \n            <div class=\"progress-bar\">\n            <div class=\"give-progress-bar\" role=\"progressbar\" aria-valuemin=\"0\" aria-valuemax=\"100\" aria-valuenow=\"0\">\n                <span style=\"width:0%;background: linear-gradient(180deg, #2bc253 0%, #2bc253 100%), linear-gradient(180deg, #fff 0%, #ccc 100%); background-blend-mode: multiply;\"><\/span>\n            <\/div>\n        <\/div>\n    \n<\/div><!-- \/.goal-progress -->\n\n<div class=\"give_error give_warning\" id=\"give_error_test_mode\"><p><strong>Notice:<\/strong> Test mode is enabled. While in test mode no live donations are processed.<\/p><\/div>\t\t\t<form id=\"give-form-6042-1\" class=\"give-form give-form-6042 give-form-type-multi\" action=\"http:\/\/nou.buckner.ro\/centreledezi\/?payment-mode=manual&#038;form-id=6042\" data-id=\"6042-1\" data-currency_symbol=\"RON\" data-currency_code=\"RON\" data-currency_position=\"before\" data-thousands_separator=\".\" data-decimal_separator=\",\" data-number_decimals=\"2\" method=\"post\">\n\t\t\t\t<!-- The following field is for robots only, invisible to humans: -->\n\t\t\t\t<span class=\"give-hidden\" style=\"display: none !important;\">\n\t\t\t\t\t<label for=\"give-form-honeypot-6042\"><\/label>\n\t\t\t\t\t<input id=\"give-form-honeypot-6042\" type=\"text\" name=\"give-honeypot\"\n\t\t\t\t\t\t   class=\"give-honeypot give-hidden\"\/>\n\t\t\t\t<\/span>\n\n\t\t\t\t\t<input type=\"hidden\" name=\"give-form-id-prefix\" value=\"6042-1\"\/>\n\t<input type=\"hidden\" name=\"give-form-id\" value=\"6042\"\/>\n\t<input type=\"hidden\" name=\"give-form-title\" value=\"Centrele de zi\"\/>\n\t<input type=\"hidden\" name=\"give-current-url\" value=\"http:\/\/nou.buckner.ro\/centreledezi\/\"\/>\n\t<input type=\"hidden\" name=\"give-form-url\" value=\"http:\/\/nou.buckner.ro\/centreledezi\/\"\/>\n\t\t\t<input type=\"hidden\" name=\"give-form-minimum\"\n\t\t\t   value=\"50.00\"\/>\n\t\t<input type=\"hidden\" name=\"give-form-maximum\"\n\t\t\t   value=\"10000.00\"\/>\n\t\t<input type=\"hidden\"  name=\"give-form-hash\" value=\"e823fa1691\" data-time=\"1777678000\" data-nonce-life=\"86400\" data-donor-session=\"0\"\/><input type=\"hidden\" name=\"give-price-id\" value=\"3\"\/>\t\t<div class=\"give-total-wrap\">\n\t\t\t<div class=\"give-donation-amount form-row-wide\">\n\t\t\t\t<span class=\"give-currency-symbol give-currency-position-before\">RON<\/span>\t\t\t\t<label class=\"give-hidden\" for=\"give-amount\">Donation Amount:<\/label>\n\t\t\t\t<input class=\"give-text-input give-amount-top\" id=\"give-amount\" name=\"give-amount\" type=\"text\" inputmode=\"decimal\"\n\t\t\t\t\t   placeholder=\"\" value=\"100,00\" autocomplete=\"off\">\n\t\t\t\t\t\t\t<\/div>\n\t\t<\/div>\n\t\t<ul id=\"give-donation-level-button-wrap\" class=\"give-donation-levels-wrap give-list-inline\"><li><button type=\"button\" data-price-id=\"0\" class=\"give-donation-level-btn give-btn give-btn-level-0 \" value=\"50,00\" data-default=\"0\">RON 50,00<\/button><\/li><li><button type=\"button\" data-price-id=\"3\" class=\"give-donation-level-btn give-btn give-btn-level-3 give-default-level\" value=\"100,00\" data-default=\"1\">RON 100,00<\/button><\/li><li><button type=\"button\" data-price-id=\"5\" class=\"give-donation-level-btn give-btn give-btn-level-5 \" value=\"250,00\" data-default=\"0\">RON 250,00<\/button><\/li><li><button type=\"button\" data-price-id=\"custom\" class=\"give-donation-level-btn give-btn give-btn-level-custom\" value=\"custom\">Custom Amount<\/button><\/li><\/ul>\n\t<fieldset id=\"give-payment-mode-select\">\n\t\t\t\t<legend\n\t\t\tclass=\"give-payment-mode-label\">Select Payment Method\t\t\t<span class=\"give-loading-text\"><span\n\t\t\t\t\tclass=\"give-loading-animation\"><\/span>\n\t\t\t<\/span>\n\t\t<\/legend>\n\n\t\t<div id=\"give-payment-mode-wrap\">\n\t\t\t\t\t\t<ul id=\"give-gateway-radio-list\">\n\t\t\t\t\t\t\t\t\t\t<li class=\"give-gateway-option-selected\">\n\t\t\t\t\t\t\t<input type=\"radio\" name=\"payment-mode\" class=\"give-gateway\"\n\t\t\t\t\t\t\t\t   id=\"give-gateway-manual-6042-1\"\n\t\t\t\t\t\t\t\t   value=\"manual\" checked='checked'>\n\t\t\t\t\t\t\t<label for=\"give-gateway-manual-6042-1\"\n\t\t\t\t\t\t\t\t   class=\"give-gateway-option\"\n\t\t\t\t\t\t\t\t   id=\"give-gateway-option-manual\"> Test Donation<\/label>\n\t\t\t\t\t\t<\/li>\n\t\t\t\t\t\t\t\t\t\t\t\t<li>\n\t\t\t\t\t\t\t<input type=\"radio\" name=\"payment-mode\" class=\"give-gateway\"\n\t\t\t\t\t\t\t\t   id=\"give-gateway-offline-6042-1\"\n\t\t\t\t\t\t\t\t   value=\"offline\">\n\t\t\t\t\t\t\t<label for=\"give-gateway-offline-6042-1\"\n\t\t\t\t\t\t\t\t   class=\"give-gateway-option\"\n\t\t\t\t\t\t\t\t   id=\"give-gateway-option-offline\"> Offline Donation<\/label>\n\t\t\t\t\t\t<\/li>\n\t\t\t\t\t\t\t\t\t<\/ul>\n\t\t\t\t\t<\/div>\n\t\t\t<\/fieldset>\n\n\t\n\t<div id=\"give_purchase_form_wrap\">\n\n\t\t\t<fieldset id=\"give_checkout_user_info\" class=\"\">\n\t\t<legend>\n\t\t\tPersonal Info\t\t<\/legend>\n\n\t\t\n        <p id=\"give-first-name-wrap\" class=\"form-row form-row-first form-row-responsive\">\n            <label class=\"give-label\" for=\"give-first\">\n                First Name                                    <span class=\"give-required-indicator\">*<\/span>\n                                <span class=\"give-tooltip hint--top hint--medium hint--bounce\" aria-label=\"First Name is used to personalize your donation record.\" rel=\"tooltip\"><i class=\"give-icon give-icon-question\"><\/i><\/span>            <\/label>\n            <input\n                class=\"give-input required\"\n                type=\"text\"\n                name=\"give_first\"\n                autocomplete=\"given-name\"\n                placeholder=\"First Name\"\n                id=\"give-first\"\n                value=\"\"\n                 required aria-required=\"true\"             \/>\n        <\/p>\n\n        <p id=\"give-last-name-wrap\" class=\"form-row form-row-last form-row-responsive\">\n            <label class=\"give-label\" for=\"give-last\">\n                Last Name                                <span class=\"give-tooltip hint--top hint--medium hint--bounce\" aria-label=\"Last Name is used to personalize your donation record.\" rel=\"tooltip\"><i class=\"give-icon give-icon-question\"><\/i><\/span>            <\/label>\n\n            <input\n                class=\"give-input\"\n                type=\"text\"\n                name=\"give_last\"\n                autocomplete=\"family-name\"\n                id=\"give-last\"\n                placeholder=\"Last Name\"\n                value=\"\"\n                            \/>\n        <\/p>\n\n        \n                <p id=\"give-email-wrap\" class=\"form-row form-row-wide\">\n            <label class=\"give-label\" for=\"give-email\">\n                Email Address                                    <span class=\"give-required-indicator\">*<\/span>\n                                    <span class=\"give-tooltip hint--top hint--medium hint--bounce\" aria-label=\"We will send the donation receipt to this address.\" rel=\"tooltip\"><i class=\"give-icon give-icon-question\"><\/i><\/span>            <\/label>\n            <input\n                class=\"give-input required\"\n                type=\"email\"\n                name=\"give_email\"\n                autocomplete=\"email\"\n                placeholder=\"Email Address\"\n                id=\"give-email\"\n                value=\"\"\n                 required aria-required=\"true\"             \/>\n\n        <\/p>\n\n        \n\t\t\t\t\t<\/fieldset>\n\t\t<fieldset id=\"give_purchase_submit\" class=\"give-donation-submit\">\n\t\t\t<p id=\"give-final-total-wrap\" class=\"form-wrap \">\n\t\t\t\t<span class=\"give-donation-total-label\">\n\t\t\tDonation Total:\t\t<\/span>\n\t\t<span class=\"give-final-total-amount\"\n\t\t\t  data-total=\"100,00\">\n\t\t\tRON 100,00\t\t<\/span>\n\t\t\t<\/p>\n\t\t<input type=\"hidden\" name=\"give_action\" value=\"purchase\"\/>\n\t<input type=\"hidden\" name=\"give-gateway\" value=\"manual\"\/>\n\t\t<div class=\"give-submit-button-wrap give-clearfix\">\n\t\t<input type=\"submit\" class=\"give-submit give-btn\" id=\"give-purchase-button\" name=\"give-purchase\"\n\t\t\t   value=\"Donate Now\" data-before-validation-label=\"Donate Now\"\/>\n\t\t<span class=\"give-loading-animation\"><\/span>\n\t<\/div>\n\t\t<\/fieldset>\n\t\n\t<\/div>\n\n\t\t\t\t<\/form>\n\n\t\t\t\n\t<\/div><!--end #give-form-6042-->\n\t<\/p>\t\t\t\t\t\t<\/div>\n\t\t\t\t<\/div>\n\t\t\t\t\t<\/div>\n\t\t\t\t<\/div>\n\t\t\t\t<\/div>\n\t\t","protected":false},"excerpt":{"rendered":"<p>Despre proiect \u00cen anul 2007 Funda\u0163ia a deschis \u00een zona cea mai s\u0103rac\u0103 a Municipiului T\u00e2rn\u0103veni, zona Combinat, un Centru de Dezvoltare a Comunit\u0103\u0163ii \u2013 cum l-am numit atunci &#8211; care \u00ee\u015fi propunea s\u0103 ofere servicii sociale pentru copii pre\u015fcolari provenind din familiile cele mai nevoia\u015fe din zon\u0103 servicii sociale de tip Centru de Zi, [&hellip;]<\/p>\n","protected":false},"author":1,"featured_media":5866,"parent":0,"menu_order":0,"comment_status":"closed","ping_status":"closed","template":"elementor_header_footer","meta":{"footnotes":""},"language":[],"class_list":["post-6348","page","type-page","status-publish","has-post-thumbnail","hentry"],"_links":{"self":[{"href":"http:\/\/nou.buckner.ro\/index.php\/wp-json\/wp\/v2\/pages\/6348","targetHints":{"allow":["GET"]}}],"collection":[{"href":"http:\/\/nou.buckner.ro\/index.php\/wp-json\/wp\/v2\/pages"}],"about":[{"href":"http:\/\/nou.buckner.ro\/index.php\/wp-json\/wp\/v2\/types\/page"}],"author":[{"embeddable":true,"href":"http:\/\/nou.buckner.ro\/index.php\/wp-json\/wp\/v2\/users\/1"}],"replies":[{"embeddable":true,"href":"http:\/\/nou.buckner.ro\/index.php\/wp-json\/wp\/v2\/comments?post=6348"}],"version-history":[{"count":20,"href":"http:\/\/nou.buckner.ro\/index.php\/wp-json\/wp\/v2\/pages\/6348\/revisions"}],"predecessor-version":[{"id":6452,"href":"http:\/\/nou.buckner.ro\/index.php\/wp-json\/wp\/v2\/pages\/6348\/revisions\/6452"}],"wp:featuredmedia":[{"embeddable":true,"href":"http:\/\/nou.buckner.ro\/index.php\/wp-json\/wp\/v2\/media\/5866"}],"wp:attachment":[{"href":"http:\/\/nou.buckner.ro\/index.php\/wp-json\/wp\/v2\/media?parent=6348"}],"wp:term":[{"taxonomy":"language","embeddable":true,"href":"http:\/\/nou.buckner.ro\/index.php\/wp-json\/wp\/v2\/language?post=6348"}],"curies":[{"name":"wp","href":"https:\/\/api.w.org\/{rel}","templated":true}]}}